{"id":6213,"date":"2019-03-21T19:55:39","date_gmt":"2019-03-21T19:55:39","guid":{"rendered":"https:\/\/serviwebsi.com\/seo\/?page_id=6213"},"modified":"2025-08-25T20:51:59","modified_gmt":"2025-08-25T20:51:59","slug":"moviweb-su-sitio-web","status":"publish","type":"page","link":"https:\/\/serviwebsi.com\/seo\/moviweb-su-sitio-web\/","title":{"rendered":"SERVIWEB MOVIWEB : SU SITIO WEB \u00a1 A\u00daN SIN ORDENADOR E INTERNET !"},"content":{"rendered":"<h1 class=\"alternative-heading\">MOVIWEB<\/h1>\n<p>Como trabajadores o emprendedores, todos quisi\u00e9ramos que nos llamaran para m\u00faltiples trabajos y as\u00ed aumentar nuestras ganancias, o asegurarnos tener siempre un pedido para generar un ingreso constante. Por otro lado quisi\u00e9ramos reducir los costes, pero no podemos prescindir del m\u00f3vil, sobre todo si no contamos con un ordenador o conexi\u00f3n a internet; una conexi\u00f3n ADSL puede ser muy onerosa o puede ser que por nuestro trabajo estemos lejos del ordenador cuando el m\u00f3vil siempre lo llevamos encima.<\/p>\n<p>&nbsp;<\/p>\n<p><img loading=\"lazy\" decoding=\"async\" class=\"sombra aligncenter wp-image-6215 size-full\" title=\"moviweb monetiza su movil\" src=\"https:\/\/serviwebsi.com\/seo\/wp-content\/uploads\/2019\/03\/moviweb-monetiza-su-movil.jpg\" alt=\"moviweb monetiza su movil\" width=\"700\" height=\"400\" srcset=\"https:\/\/serviwebsi.com\/seo\/wp-content\/uploads\/2019\/03\/moviweb-monetiza-su-movil.jpg 700w, https:\/\/serviwebsi.com\/seo\/wp-content\/uploads\/2019\/03\/moviweb-monetiza-su-movil-300x171.jpg 300w, https:\/\/serviwebsi.com\/seo\/wp-content\/uploads\/2019\/03\/moviweb-monetiza-su-movil-555x317.jpg 555w\" sizes=\"auto, (max-width: 700px) 100vw, 700px\" \/><\/p>\n<p>&nbsp;<\/p>\n<p>&nbsp;<\/p>\n<p><img loading=\"lazy\" decoding=\"async\" class=\"sombra alignright wp-image-6217\" title=\"moviweb pone su negocio en su smartphone\" src=\"https:\/\/serviwebsi.com\/seo\/wp-content\/uploads\/2019\/03\/moviweb-pone-su-negocio-en-su-smartphone.jpg\" alt=\"moviweb pone su negocio en su smartphone\" width=\"279\" height=\"180\" srcset=\"https:\/\/serviwebsi.com\/seo\/wp-content\/uploads\/2019\/03\/moviweb-pone-su-negocio-en-su-smartphone.jpg 700w, https:\/\/serviwebsi.com\/seo\/wp-content\/uploads\/2019\/03\/moviweb-pone-su-negocio-en-su-smartphone-300x194.jpg 300w, https:\/\/serviwebsi.com\/seo\/wp-content\/uploads\/2019\/03\/moviweb-pone-su-negocio-en-su-smartphone-555x358.jpg 555w\" sizes=\"auto, (max-width: 279px) 100vw, 279px\" \/>\u00bf Y si convertimos nuestro m\u00f3vil en nuestra herramienta de trabajo, en vez de que sea solo un costo, para que nos publicite las 24 horas los 365 d\u00edas del a\u00f1o, nos procure consultas y pedidos de trabajos o productos, disponiendo en el smarphone de un sitio web, sin necesidad de ordenador o conexi\u00f3n de internet cableada ?<\/p>\n<p>Con el m\u00f3vil podemos acceder a nuestro sitio web tanto con el plan de datos de nuestro smartphone como con alguna conexi\u00f3n Wifi a la que nos hayamos conectado. Y los clientes o potenciales clientes que ingresen a nuestro sitio, ya sea desde un ordenador o un m\u00f3vil, podr\u00e1n ver nuestra oferta de productos o servicios y comunicarse con nosotros v\u00eda Whatsapp, SMS, Email, formulario de contacto o directamente realizar un llamado, solamente apretando un bot\u00f3n desde la misma p\u00e1gina web si accedieron desde un m\u00f3vil o de la forma cl\u00e1sica si lo hicieron desde el ordenador.<\/p>\n<p>&nbsp;<\/p>\n<p><img loading=\"lazy\" decoding=\"async\" class=\"sombra aligncenter wp-image-6218 size-full\" title=\"moviweb pone su negocio en su smartphone\" src=\"https:\/\/serviwebsi.com\/seo\/wp-content\/uploads\/2019\/03\/moviweb-whatsapp-sms-email.jpg\" alt=\"moviweb pone su negocio en su smartphone\" width=\"500\" height=\"333\" srcset=\"https:\/\/serviwebsi.com\/seo\/wp-content\/uploads\/2019\/03\/moviweb-whatsapp-sms-email.jpg 500w, https:\/\/serviwebsi.com\/seo\/wp-content\/uploads\/2019\/03\/moviweb-whatsapp-sms-email-300x200.jpg 300w, https:\/\/serviwebsi.com\/seo\/wp-content\/uploads\/2019\/03\/moviweb-whatsapp-sms-email-272x182.jpg 272w\" sizes=\"auto, (max-width: 500px) 100vw, 500px\" \/><\/p>\n<p>&nbsp;<\/p>\n<p>As\u00ed tambi\u00e9n mejoraremos nuestra imagen, d\u00e1ndole m\u00e1s seguridad a nuestros potenciales clientes. Y nos facilitar\u00e1 atenderlos en cualquier circunstancia, respondiendo de inmediato, o luego, si estamos en medio de un trabajo.<\/p>\n<p><img loading=\"lazy\" decoding=\"async\" class=\"wp-image-6219 alignright\" title=\"moviweb lo conecta con el mundo\" src=\"https:\/\/serviwebsi.com\/seo\/wp-content\/uploads\/2019\/03\/moviweb-lo-conecta-con-el-mundo.jpg\" alt=\"moviweb lo conecta con el mundo\" width=\"410\" height=\"261\" srcset=\"https:\/\/serviwebsi.com\/seo\/wp-content\/uploads\/2019\/03\/moviweb-lo-conecta-con-el-mundo.jpg 700w, https:\/\/serviwebsi.com\/seo\/wp-content\/uploads\/2019\/03\/moviweb-lo-conecta-con-el-mundo-300x191.jpg 300w, https:\/\/serviwebsi.com\/seo\/wp-content\/uploads\/2019\/03\/moviweb-lo-conecta-con-el-mundo-555x354.jpg 555w\" sizes=\"auto, (max-width: 410px) 100vw, 410px\" \/><\/p>\n<p>Si trabaja por su cuenta, es emprendedor, aut\u00f3nomo y necesita llegar a m\u00e1s clientes, puede usar tambi\u00e9n su m\u00f3vil para publicitarse. MoviWeb de ServiWeb puede ser su soluci\u00f3n.<\/p>\n<p>Tenga en cuenta que la navegaci\u00f3n m\u00f3vil ( por m\u00f3vil, smartphone, tablet ) es el presente y sobre todo, el futuro. Con MoviWeb y su trabajo convierta un gasto en una entrada de dinero.<\/p>\n<p>El sitio incluye textos, fotos, acceso a sus redes sociales, slideshow, o video de Youtube que quiera enlazar. Incluye, si as\u00ed lo desea, botones de contacto a su Whatsapp para que su cliente se comunique directamente a su m\u00f3vil, Mensaje de Texto SMS, llamada directa al celular, mensaje de correo electr\u00f3nico y \/ o formulario de contacto.<\/p>\n<p>Tambi\u00e9n recibe un c\u00f3digo QR del sitio, para incluirlo en sus flyers, sobres, folletos, membretes y papeler\u00eda en general.<\/p>\n<p>El sitio ser\u00e1 promocionado en su lanzamiento: invitaremos a conocerlo a nuestros clientes de toda Espa\u00f1a y todo el mundo, se incluir\u00e1 en directorios gratuitos del gremio, recibir\u00e1 enlaces desde otros sitios web que asegurar\u00e1n el posicionamiento en buscadores, etc.<\/p>\n<p>&nbsp;<\/p>\n<h3 class=\"alternative-heading\">\u00bfA quien va dirigido MoviWeb?<\/h3>\n<p>&nbsp;<\/p>\n<p><img loading=\"lazy\" decoding=\"async\" class=\"sombra alignright wp-image-6220\" title=\"moviweb publicita su trabajo\" src=\"https:\/\/serviwebsi.com\/seo\/wp-content\/uploads\/2019\/03\/moviweb-publicita-su-trabajo-201x300.jpg\" alt=\"moviweb publicita su trabajo\" width=\"201\" height=\"300\" srcset=\"https:\/\/serviwebsi.com\/seo\/wp-content\/uploads\/2019\/03\/moviweb-publicita-su-trabajo-201x300.jpg 201w, https:\/\/serviwebsi.com\/seo\/wp-content\/uploads\/2019\/03\/moviweb-publicita-su-trabajo-372x555.jpg 372w, https:\/\/serviwebsi.com\/seo\/wp-content\/uploads\/2019\/03\/moviweb-publicita-su-trabajo.jpg 482w\" sizes=\"auto, (max-width: 201px) 100vw, 201px\" \/>A emprendedores, quien trabaje por su cuenta, aut\u00f3nomos, trabajadores de todos los gremios: agentes inmobiliarios, imprentas, revistas barriales, servicios de delivery, lavaderos de ropa, profesores particulares, profesores de m\u00fasica, psic\u00f3logos, odont\u00f3logos, gremio de electricistas, gremio de gasistas, gremio de colocadores de cer\u00e1micas, paleteros, gremio de plomeros, cerrajer\u00edas, gremio de pintores, gremio de trabajadores de limpieza, gremio de servicio t\u00e9cnico de electrodom\u00e9sticos, gremio de trabajadores de la construcci\u00f3n, etc.<\/p>\n<p>&nbsp;<\/p>\n<h3 class=\"alternative-heading\">\u00bf Cu\u00e1l es el coste de MoviWeb ?<\/h3>\n<p>El coste es de 100 euros anuales (con subdominio, al que hay que agregar 25 euros anuales si se quiere un dominio propio .com ). Los gastos de transferencia de Western Union (\u00fanico medio de pago) son a cargo del cliente (actualmente aproximadamente unos 4 euros). Puede pagarlo trimestral o semestral o anual, siempre por adelantado.<\/p>\n<p>&nbsp;<\/p>\n<p>&nbsp;<\/p>\n<p class=\"centrado\" style=\"text-align: center;\"><strong>Reciba toda la informaci\u00f3n sin compromiso: <\/strong><a href=\"https:\/\/serviwebsi.com\/seo\/contacto\/\">Consulte desde aqu\u00ed<\/a><\/p>\n<p>&nbsp;<\/p>\n<p style=\"text-align: center;\"><a href=\"https:\/\/serviwebsi.com\/seo\/contacto\/\">Consulte sin compromiso<\/a> desde nuestra p\u00e1gina de contacto o envienos un correo electr\u00f3nico a <a href=\"mailto:contactar@serviwebsi.com\">contactar@serviwebsi.com<\/a><\/p>\n<p><img loading=\"lazy\" decoding=\"async\" class=\"sombra aligncenter wp-image-6221 size-full\" title=\"moviweb sin ordenador ni internet\" src=\"https:\/\/serviwebsi.com\/seo\/wp-content\/uploads\/2019\/03\/moviweb-sin-ordenador-ni-internet.jpg\" alt=\"moviweb sin ordenador ni internet\" width=\"700\" height=\"470\" srcset=\"https:\/\/serviwebsi.com\/seo\/wp-content\/uploads\/2019\/03\/moviweb-sin-ordenador-ni-internet.jpg 700w, https:\/\/serviwebsi.com\/seo\/wp-content\/uploads\/2019\/03\/moviweb-sin-ordenador-ni-internet-300x201.jpg 300w, https:\/\/serviwebsi.com\/seo\/wp-content\/uploads\/2019\/03\/moviweb-sin-ordenador-ni-internet-555x373.jpg 555w, https:\/\/serviwebsi.com\/seo\/wp-content\/uploads\/2019\/03\/moviweb-sin-ordenador-ni-internet-272x182.jpg 272w\" sizes=\"auto, (max-width: 700px) 100vw, 700px\" \/><\/p>\n","protected":false},"excerpt":{"rendered":"<p>MOVIWEB Como trabajadores o emprendedores, todos quisi\u00e9ramos que nos llamaran para m\u00faltiples trabajos y as\u00ed aumentar nuestras ganancias, o asegurarnos tener siempre un pedido para generar un ingreso constante. Por otro lado quisi\u00e9ramos reducir los costes, pero no podemos prescindir del m\u00f3vil, sobre todo si no contamos con un ordenador o conexi\u00f3n a internet; una &hellip;<\/p>\n","protected":false},"author":1,"featured_media":0,"parent":0,"menu_order":0,"comment_status":"closed","ping_status":"closed","template":"","meta":{"ngg_post_thumbnail":0,"footnotes":""},"class_list":["post-6213","page","type-page","status-publish","hentry"],"acf":[],"rttpg_featured_image_url":null,"rttpg_author":{"display_name":"admin","author_link":"https:\/\/serviwebsi.com\/seo\/author\/admin\/"},"rttpg_comment":0,"rttpg_category":null,"rttpg_excerpt":"MOVIWEB Como trabajadores o emprendedores, todos quisi\u00e9ramos que nos llamaran para m\u00faltiples trabajos y as\u00ed aumentar nuestras ganancias, o asegurarnos tener siempre un pedido para generar un ingreso constante. Por otro lado quisi\u00e9ramos reducir los costes, pero no podemos prescindir del m\u00f3vil, sobre todo si no contamos con un ordenador o conexi\u00f3n a internet; una&hellip;","_links":{"self":[{"href":"https:\/\/serviwebsi.com\/seo\/wp-json\/wp\/v2\/pages\/6213","targetHints":{"allow":["GET"]}}],"collection":[{"href":"https:\/\/serviwebsi.com\/seo\/wp-json\/wp\/v2\/pages"}],"about":[{"href":"https:\/\/serviwebsi.com\/seo\/wp-json\/wp\/v2\/types\/page"}],"author":[{"embeddable":true,"href":"https:\/\/serviwebsi.com\/seo\/wp-json\/wp\/v2\/users\/1"}],"replies":[{"embeddable":true,"href":"https:\/\/serviwebsi.com\/seo\/wp-json\/wp\/v2\/comments?post=6213"}],"version-history":[{"count":11,"href":"https:\/\/serviwebsi.com\/seo\/wp-json\/wp\/v2\/pages\/6213\/revisions"}],"predecessor-version":[{"id":7495,"href":"https:\/\/serviwebsi.com\/seo\/wp-json\/wp\/v2\/pages\/6213\/revisions\/7495"}],"wp:attachment":[{"href":"https:\/\/serviwebsi.com\/seo\/wp-json\/wp\/v2\/media?parent=6213"}],"curies":[{"name":"wp","href":"https:\/\/api.w.org\/{rel}","templated":true}]}}