{"id":6246,"date":"2019-05-23T14:48:42","date_gmt":"2019-05-23T14:48:42","guid":{"rendered":"https:\/\/serviwebsi.com\/seo\/?page_id=6246"},"modified":"2019-05-23T15:40:42","modified_gmt":"2019-05-23T15:40:42","slug":"planes","status":"publish","type":"page","link":"https:\/\/serviwebsi.com\/seo\/planes\/","title":{"rendered":"PLANES"},"content":{"rendered":"<div id=\"pl-6246\"  class=\"panel-layout\" ><div id=\"pg-6246-0\"  class=\"panel-grid panel-no-style\" ><div id=\"pgc-6246-0-0\"  class=\"panel-grid-cell\" ><div id=\"panel-6246-0-0-0\" class=\"so-panel widget widget_sow-editor panel-first-child panel-last-child\" data-index=\"0\" ><div\n\t\t\t\n\t\t\tclass=\"so-widget-sow-editor so-widget-sow-editor-base\"\n\t\t\t\n\t\t>\n<div class=\"siteorigin-widget-tinymce textwidget\">\n\t<h1 class=\"centrado alternative-heading\">PLANES SERVIWEB<\/h1>\n<p>Todos nuestros planes est\u00e1n realizados con la tecnolog\u00eda Responsive (Dise\u00f1o adaptativo) y optimizados para el posicionamiento en buscadores.<\/p>\n<h2 class=\"alternative-heading\">TIENDA DE E-COMMERCE TOTAL<\/h2>\n<\/div>\n<\/div><\/div><\/div><\/div><div id=\"pg-6246-1\"  class=\"panel-grid panel-no-style\" ><div id=\"pgc-6246-1-0\"  class=\"panel-grid-cell\" ><div id=\"panel-6246-1-0-0\" class=\"so-panel widget widget_sow-editor panel-first-child panel-last-child\" data-index=\"1\" ><div\n\t\t\t\n\t\t\tclass=\"so-widget-sow-editor so-widget-sow-editor-base\"\n\t\t\t\n\t\t>\n<div class=\"siteorigin-widget-tinymce textwidget\">\n\t<p>Tienda de comercio electr\u00f3nico en sitio seguro <strong>https con certificado SSL<\/strong> conectado con el sitio seguro de su banco para compras con tarjeta de cr\u00e9dito: \u00a1 doble seguridad !<br \/>\nProductos con fotos, caracter\u00edsticas como tallas, color, etc., b\u00fasquedas, categor\u00edas, carrito de compras.<br \/>\nAutogestionable.<br \/>\nPara comercios complejos con gran inventario. Nuestros clientes llevan vendiendo medio mill\u00f3n de euros y creciendo.<\/p>\n<p>&nbsp;<\/p>\n<p>Precio: 500<\/p>\n<\/div>\n<\/div><\/div><\/div><div id=\"pgc-6246-1-1\"  class=\"panel-grid-cell\" ><div id=\"panel-6246-1-1-0\" class=\"so-panel widget widget_sow-editor panel-first-child panel-last-child\" data-index=\"2\" ><div\n\t\t\t\n\t\t\tclass=\"so-widget-sow-editor so-widget-sow-editor-base\"\n\t\t\t\n\t\t>\n<div class=\"siteorigin-widget-tinymce textwidget\">\n\t<p><img loading=\"lazy\" decoding=\"async\" class=\"aligncenter wp-image-6247\" title=\"TIENDA DE E-COMMERCE TOTAL\" src=\"https:\/\/serviwebsi.com\/seo\/wp-content\/uploads\/2019\/05\/ecommerce-300x128.jpg\" alt=\"TIENDA DE E-COMMERCE TOTAL\" width=\"400\" height=\"171\" srcset=\"https:\/\/serviwebsi.com\/seo\/wp-content\/uploads\/2019\/05\/ecommerce-300x128.jpg 300w, https:\/\/serviwebsi.com\/seo\/wp-content\/uploads\/2019\/05\/ecommerce-768x329.jpg 768w, https:\/\/serviwebsi.com\/seo\/wp-content\/uploads\/2019\/05\/ecommerce-555x238.jpg 555w, https:\/\/serviwebsi.com\/seo\/wp-content\/uploads\/2019\/05\/ecommerce.jpg 960w\" sizes=\"auto, (max-width: 400px) 100vw, 400px\" \/><\/p>\n<\/div>\n<\/div><\/div><\/div><\/div><div id=\"pg-6246-2\"  class=\"panel-grid panel-no-style\" ><div id=\"pgc-6246-2-0\"  class=\"panel-grid-cell\" ><div id=\"panel-6246-2-0-0\" class=\"so-panel widget widget_sow-editor panel-first-child panel-last-child\" data-index=\"3\" ><div\n\t\t\t\n\t\t\tclass=\"so-widget-sow-editor so-widget-sow-editor-base\"\n\t\t\t\n\t\t>\n<div class=\"siteorigin-widget-tinymce textwidget\">\n\t<h2 class=\"alternative-heading\">SITIO WEB CON TIENDA DE E-COMMERCE<\/h2>\n<\/div>\n<\/div><\/div><\/div><\/div><div id=\"pg-6246-3\"  class=\"panel-grid panel-no-style\" ><div id=\"pgc-6246-3-0\"  class=\"panel-grid-cell\" ><div id=\"panel-6246-3-0-0\" class=\"so-panel widget widget_sow-editor panel-first-child panel-last-child\" data-index=\"4\" ><div\n\t\t\t\n\t\t\tclass=\"so-widget-sow-editor so-widget-sow-editor-base\"\n\t\t\t\n\t\t>\n<div class=\"siteorigin-widget-tinymce textwidget\">\n\t<p>Tienda de comercio electr\u00f3nico en sitio seguro <strong>https con certificado SSL<\/strong> conectado con el sitio seguro de su banco para compras con tarjeta de cr\u00e9dito.<br \/>\nProductos con fotos, caracter\u00edsticas como tallas, color, etc., b\u00fasquedas, categor\u00edas, carrito de compras.<br \/>\nAutogestionable.<br \/>\nIncluye sitio web con blog.<br \/>\nIdeal para cat\u00e1logo o tienda de pocos productos.<\/p>\n<p>&nbsp;<\/p>\n<p>Precio: 500<\/p>\n<\/div>\n<\/div><\/div><\/div><div id=\"pgc-6246-3-1\"  class=\"panel-grid-cell\" ><div id=\"panel-6246-3-1-0\" class=\"so-panel widget widget_sow-editor panel-first-child panel-last-child\" data-index=\"5\" ><div\n\t\t\t\n\t\t\tclass=\"so-widget-sow-editor so-widget-sow-editor-base\"\n\t\t\t\n\t\t>\n<div class=\"siteorigin-widget-tinymce textwidget\">\n\t<p><img loading=\"lazy\" decoding=\"async\" class=\"aligncenter wp-image-6254\" title=\"SITIO WEB CON TIENDA DE E-COMMERCE\" src=\"https:\/\/serviwebsi.com\/seo\/wp-content\/uploads\/2019\/05\/e-commerce-sitios-web-300x213.png\" alt=\"SITIO WEB CON TIENDA DE E-COMMERCE\" width=\"400\" height=\"284\" srcset=\"https:\/\/serviwebsi.com\/seo\/wp-content\/uploads\/2019\/05\/e-commerce-sitios-web-300x213.png 300w, https:\/\/serviwebsi.com\/seo\/wp-content\/uploads\/2019\/05\/e-commerce-sitios-web-768x546.png 768w, https:\/\/serviwebsi.com\/seo\/wp-content\/uploads\/2019\/05\/e-commerce-sitios-web-555x394.png 555w, https:\/\/serviwebsi.com\/seo\/wp-content\/uploads\/2019\/05\/e-commerce-sitios-web.png 960w\" sizes=\"auto, (max-width: 400px) 100vw, 400px\" \/><\/p>\n<\/div>\n<\/div><\/div><\/div><\/div><div id=\"pg-6246-4\"  class=\"panel-grid panel-no-style\" ><div id=\"pgc-6246-4-0\"  class=\"panel-grid-cell\" ><div id=\"panel-6246-4-0-0\" class=\"so-panel widget widget_sow-editor panel-first-child panel-last-child\" data-index=\"6\" ><div\n\t\t\t\n\t\t\tclass=\"so-widget-sow-editor so-widget-sow-editor-base\"\n\t\t\t\n\t\t>\n<div class=\"siteorigin-widget-tinymce textwidget\">\n\t<h2 class=\"alternative-heading\">SITIO WEB<\/h2>\n<\/div>\n<\/div><\/div><\/div><\/div><div id=\"pg-6246-5\"  class=\"panel-grid panel-no-style\" ><div id=\"pgc-6246-5-0\"  class=\"panel-grid-cell\" ><div id=\"panel-6246-5-0-0\" class=\"so-panel widget widget_sow-editor panel-first-child panel-last-child\" data-index=\"7\" ><div\n\t\t\t\n\t\t\tclass=\"so-widget-sow-editor so-widget-sow-editor-base\"\n\t\t\t\n\t\t>\n<div class=\"siteorigin-widget-tinymce textwidget\">\n\t<p>Sitio web con blog.<br \/>\nAutogestionable.<br \/>\n10 p\u00e1ginas iniciales; men\u00fa, formulario, acceso a redes sociales, galer\u00eda de im\u00e1genes, videos enlazados de Youtube, etc.<br \/>\nLa imagen de su empresa y su presentaci\u00f3n en los buscadores de Internet.<\/p>\n<p>&nbsp;<\/p>\n<p>Precio: 350<\/p>\n<\/div>\n<\/div><\/div><\/div><div id=\"pgc-6246-5-1\"  class=\"panel-grid-cell\" ><div id=\"panel-6246-5-1-0\" class=\"so-panel widget widget_sow-editor panel-first-child panel-last-child\" data-index=\"8\" ><div\n\t\t\t\n\t\t\tclass=\"so-widget-sow-editor so-widget-sow-editor-base\"\n\t\t\t\n\t\t>\n<div class=\"siteorigin-widget-tinymce textwidget\">\n\t<p><img loading=\"lazy\" decoding=\"async\" class=\"aligncenter wp-image-6256\" title=\"PLAN  SITIO WEB SERVIWEB\" src=\"https:\/\/serviwebsi.com\/seo\/wp-content\/uploads\/2019\/05\/sitio-web-300x167.png\" alt=\"PLAN  SITIO WEB SERVIWEB\" width=\"400\" height=\"223\" srcset=\"https:\/\/serviwebsi.com\/seo\/wp-content\/uploads\/2019\/05\/sitio-web-300x167.png 300w, https:\/\/serviwebsi.com\/seo\/wp-content\/uploads\/2019\/05\/sitio-web-360x202.png 360w, https:\/\/serviwebsi.com\/seo\/wp-content\/uploads\/2019\/05\/sitio-web-555x310.png 555w, https:\/\/serviwebsi.com\/seo\/wp-content\/uploads\/2019\/05\/sitio-web.png 609w\" sizes=\"auto, (max-width: 400px) 100vw, 400px\" \/><\/p>\n<p>&nbsp;<\/p>\n<\/div>\n<\/div><\/div><\/div><\/div><div id=\"pg-6246-6\"  class=\"panel-grid panel-no-style\" ><div id=\"pgc-6246-6-0\"  class=\"panel-grid-cell\" ><div id=\"panel-6246-6-0-0\" class=\"so-panel widget widget_sow-editor panel-first-child panel-last-child\" data-index=\"9\" ><div\n\t\t\t\n\t\t\tclass=\"so-widget-sow-editor so-widget-sow-editor-base\"\n\t\t\t\n\t\t>\n<div class=\"siteorigin-widget-tinymce textwidget\">\n\t<h2 class=\"alternative-heading\">WEB SOCIAL<\/h2>\n<\/div>\n<\/div><\/div><\/div><\/div><div id=\"pg-6246-7\"  class=\"panel-grid panel-no-style\" ><div id=\"pgc-6246-7-0\"  class=\"panel-grid-cell\" ><div id=\"panel-6246-7-0-0\" class=\"so-panel widget widget_sow-editor panel-first-child panel-last-child\" data-index=\"10\" ><div\n\t\t\t\n\t\t\tclass=\"so-widget-sow-editor so-widget-sow-editor-base\"\n\t\t\t\n\t\t>\n<div class=\"siteorigin-widget-tinymce textwidget\">\n\t<p>Blog autogestionable que permite postear los contenidos ( textos, fotos, videos incrustados de Youtube, etc. ) y con un par de clicks reflejarlo autom\u00e1ticamente en sus redes sociales: Facebook, Twitter, Instagram, Pinterest, Linkedin, Whatsapp, etc.<br \/>\nLas redes sociales no siempre posicionan su contenido, nuestros sitios s\u00ed; llegue m\u00e1s lejos que a sus contactos en segundos.<\/p>\n<p>&nbsp;<\/p>\n<p>Precio: 150<\/p>\n<\/div>\n<\/div><\/div><\/div><div id=\"pgc-6246-7-1\"  class=\"panel-grid-cell\" ><div id=\"panel-6246-7-1-0\" class=\"so-panel widget widget_sow-editor panel-first-child panel-last-child\" data-index=\"11\" ><div\n\t\t\t\n\t\t\tclass=\"so-widget-sow-editor so-widget-sow-editor-base\"\n\t\t\t\n\t\t>\n<div class=\"siteorigin-widget-tinymce textwidget\">\n\t<p><img loading=\"lazy\" decoding=\"async\" class=\"aligncenter wp-image-6259\" title=\"PLAN WEBSOCIAL SERVIWEB\" src=\"https:\/\/serviwebsi.com\/seo\/wp-content\/uploads\/2019\/05\/social-network-300x199.png\" alt=\"PLAN WEBSOCIAL SERVIWEB\" width=\"400\" height=\"265\" srcset=\"https:\/\/serviwebsi.com\/seo\/wp-content\/uploads\/2019\/05\/social-network-300x199.png 300w, https:\/\/serviwebsi.com\/seo\/wp-content\/uploads\/2019\/05\/social-network-768x510.png 768w, https:\/\/serviwebsi.com\/seo\/wp-content\/uploads\/2019\/05\/social-network-555x368.png 555w, https:\/\/serviwebsi.com\/seo\/wp-content\/uploads\/2019\/05\/social-network.png 960w\" sizes=\"auto, (max-width: 400px) 100vw, 400px\" \/><\/p>\n<p>&nbsp;<\/p>\n<\/div>\n<\/div><\/div><\/div><\/div><div id=\"pg-6246-8\"  class=\"panel-grid panel-no-style\" ><div id=\"pgc-6246-8-0\"  class=\"panel-grid-cell\" ><div id=\"panel-6246-8-0-0\" class=\"so-panel widget widget_sow-editor panel-first-child panel-last-child\" data-index=\"12\" ><div\n\t\t\t\n\t\t\tclass=\"so-widget-sow-editor so-widget-sow-editor-base\"\n\t\t\t\n\t\t>\n<div class=\"siteorigin-widget-tinymce textwidget\">\n\t<h2 class=\"alternative-heading\">MOVIWEB<\/h2>\n<\/div>\n<\/div><\/div><\/div><\/div><div id=\"pg-6246-9\"  class=\"panel-grid panel-no-style\" ><div id=\"pgc-6246-9-0\"  class=\"panel-grid-cell\" ><div id=\"panel-6246-9-0-0\" class=\"so-panel widget widget_sow-editor panel-first-child panel-last-child\" data-index=\"13\" ><div\n\t\t\t\n\t\t\tclass=\"so-widget-sow-editor so-widget-sow-editor-base\"\n\t\t\t\n\t\t>\n<div class=\"siteorigin-widget-tinymce textwidget\">\n\t<p>Sitio web de trabajo para su smartphone que permite obviar el ordenador y hasta la Internet tradicional ( por ejemplo si se est\u00e1 alejado del puesto de trabajo ) usando el plan de datos m\u00f3vil para acceder.<\/p>\n<p>Ideal para gestionar a los clientes de su sitio web desde su m\u00f3vil (celular o tablet).<\/p>\n<p>&nbsp;<\/p>\n<p>Precio: 100<\/p>\n<\/div>\n<\/div><\/div><\/div><div id=\"pgc-6246-9-1\"  class=\"panel-grid-cell\" ><div id=\"panel-6246-9-1-0\" class=\"so-panel widget widget_sow-editor panel-first-child panel-last-child\" data-index=\"14\" ><div\n\t\t\t\n\t\t\tclass=\"so-widget-sow-editor so-widget-sow-editor-base\"\n\t\t\t\n\t\t>\n<div class=\"siteorigin-widget-tinymce textwidget\">\n\t<p><img loading=\"lazy\" decoding=\"async\" class=\"aligncenter wp-image-6261\" title=\"PLAN MOVIWEB SERVIWEB\" src=\"https:\/\/serviwebsi.com\/seo\/wp-content\/uploads\/2019\/05\/movil-300x199.jpg\" alt=\"PLAN MOVIWEB SERVIWEB\" width=\"400\" height=\"265\" srcset=\"https:\/\/serviwebsi.com\/seo\/wp-content\/uploads\/2019\/05\/movil-300x199.jpg 300w, https:\/\/serviwebsi.com\/seo\/wp-content\/uploads\/2019\/05\/movil-768x510.jpg 768w, https:\/\/serviwebsi.com\/seo\/wp-content\/uploads\/2019\/05\/movil-555x368.jpg 555w, https:\/\/serviwebsi.com\/seo\/wp-content\/uploads\/2019\/05\/movil.jpg 960w\" sizes=\"auto, (max-width: 400px) 100vw, 400px\" \/><\/p>\n<p>&nbsp;<\/p>\n<\/div>\n<\/div><\/div><\/div><\/div><div id=\"pg-6246-10\"  class=\"panel-grid panel-no-style\" ><div id=\"pgc-6246-10-0\"  class=\"panel-grid-cell\" ><div id=\"panel-6246-10-0-0\" class=\"so-panel widget widget_sow-editor panel-first-child panel-last-child\" data-index=\"15\" ><div\n\t\t\t\n\t\t\tclass=\"so-widget-sow-editor so-widget-sow-editor-base\"\n\t\t\t\n\t\t>\n<div class=\"siteorigin-widget-tinymce textwidget\">\n\t<h2 class=\"alternative-heading\">POSICIONAMIENTO<\/h2>\n<p>Todos los sitios incluyen nuestro sistema de posicionamiento en buscadores y tecnolog\u00eda responsive. Registro de dominios .com a nombre del cliente: 25 (anual). Renovaci\u00f3n de alojamiento web ( hosting ) anual: 100. Disponemos de 4 opciones de hosting con servidores en Estados Unidos: Atlanta (Georgia), St. Louis (Missouri), Orlando (Florida) y Chicago (Illinois).<\/p>\n<p>Si el cliente prefiere que las modificaciones al sitio, en vez de usar la opci\u00f3n autogestionable, las hagamos nosotros o carguemos los productos de su tienda, se cotiza un mantenimiento por separado.<\/p>\n<p>&nbsp;<\/p>\n<p>&nbsp;<\/p>\n<p>&nbsp;<\/p>\n<\/div>\n<\/div><\/div><\/div><div id=\"pgc-6246-10-1\"  class=\"panel-grid-cell\" ><div id=\"panel-6246-10-1-0\" class=\"so-panel widget widget_sow-editor panel-first-child\" data-index=\"16\" ><div\n\t\t\t\n\t\t\tclass=\"so-widget-sow-editor so-widget-sow-editor-base\"\n\t\t\t\n\t\t>\n<div class=\"siteorigin-widget-tinymce textwidget\">\n\t<p>&nbsp;&nbsp;&nbsp;&nbsp;&nbsp;&nbsp;&nbsp;&nbsp;<\/p>\n<p>&nbsp;&nbsp;<\/p>\n<\/div>\n<\/div><\/div><div id=\"panel-6246-10-1-1\" class=\"so-panel widget widget_sow-editor panel-last-child\" data-index=\"17\" ><div\n\t\t\t\n\t\t\tclass=\"so-widget-sow-editor so-widget-sow-editor-base\"\n\t\t\t\n\t\t>\n<div class=\"siteorigin-widget-tinymce textwidget\">\n\t<p><img loading=\"lazy\" decoding=\"async\" class=\"aligncenter wp-image-6264\" title=\"Posicionamiento ServiwebSI\" src=\"https:\/\/serviwebsi.com\/seo\/wp-content\/uploads\/2019\/05\/google-300x188.png\" alt=\"Posicionamiento ServiwebSI\" width=\"400\" height=\"250\" srcset=\"https:\/\/serviwebsi.com\/seo\/wp-content\/uploads\/2019\/05\/google-300x188.png 300w, https:\/\/serviwebsi.com\/seo\/wp-content\/uploads\/2019\/05\/google-768x480.png 768w, https:\/\/serviwebsi.com\/seo\/wp-content\/uploads\/2019\/05\/google-555x347.png 555w, https:\/\/serviwebsi.com\/seo\/wp-content\/uploads\/2019\/05\/google.png 960w\" sizes=\"auto, (max-width: 400px) 100vw, 400px\" \/><\/p>\n<p>&nbsp;<\/p>\n<\/div>\n<\/div><\/div><\/div><\/div><div id=\"pg-6246-11\"  class=\"panel-grid panel-no-style\" ><div id=\"pgc-6246-11-0\"  class=\"panel-grid-cell\" ><div id=\"panel-6246-11-0-0\" class=\"so-panel widget widget_sow-editor panel-first-child panel-last-child\" data-index=\"18\" ><div\n\t\t\t\n\t\t\tclass=\"so-widget-sow-editor so-widget-sow-editor-base\"\n\t\t\t\n\t\t>\n<div class=\"siteorigin-widget-tinymce textwidget\">\n\t<h2 class=\"alternative-heading\">\u00bfQU\u00c9 PUEDO ESPERAR DEL POSICIONAMIENTO DE MI SITIO WEB?<\/h2>\n<p>A modo de ejemplo, a dos d\u00edas de la inauguraci\u00f3n del blog <a href=\"https:\/\/cobrar-rapido.capacitacioncobranzas.com\">Cobrar r\u00e1pido<\/a> de nuestro cliente Eduardo Buero (quien tiene dos sitios web dise\u00f1ados y mantenidos por nosotros, desde hace 15 a\u00f1os) estos eran los resultados que aparecian como resultado de ciertas b\u00fasquedas en Google para este sitio realizado bajo el plan WebSocial.<\/p>\n<p>&nbsp;<\/p>\n<p><img loading=\"lazy\" decoding=\"async\" class=\"aligncenter wp-image-6267 size-full\" title=\"POSICIONAMIENTO EN BUSCADORES libro cobrar rapido\" src=\"https:\/\/serviwebsi.com\/seo\/wp-content\/uploads\/2019\/05\/cobrar-rapido-capacitacion-1.jpg\" alt=\"POSICIONAMIENTO EN BUSCADORES libro cobrar rapido\" width=\"774\" height=\"664\" srcset=\"https:\/\/serviwebsi.com\/seo\/wp-content\/uploads\/2019\/05\/cobrar-rapido-capacitacion-1.jpg 774w, https:\/\/serviwebsi.com\/seo\/wp-content\/uploads\/2019\/05\/cobrar-rapido-capacitacion-1-300x257.jpg 300w, https:\/\/serviwebsi.com\/seo\/wp-content\/uploads\/2019\/05\/cobrar-rapido-capacitacion-1-768x659.jpg 768w, https:\/\/serviwebsi.com\/seo\/wp-content\/uploads\/2019\/05\/cobrar-rapido-capacitacion-1-555x476.jpg 555w\" sizes=\"auto, (max-width: 774px) 100vw, 774px\" \/><\/p>\n<p>&nbsp;<\/p>\n<p><img loading=\"lazy\" decoding=\"async\" class=\"aligncenter wp-image-6268 size-full\" title=\"POSICIONAMIENTO EN BUSCADORES libro cobrar rapido\" src=\"https:\/\/serviwebsi.com\/seo\/wp-content\/uploads\/2019\/05\/libro-cobrar-rapido-1.jpg\" alt=\"POSICIONAMIENTO EN BUSCADORES libro cobrar rapido\" width=\"786\" height=\"660\" srcset=\"https:\/\/serviwebsi.com\/seo\/wp-content\/uploads\/2019\/05\/libro-cobrar-rapido-1.jpg 786w, https:\/\/serviwebsi.com\/seo\/wp-content\/uploads\/2019\/05\/libro-cobrar-rapido-1-300x252.jpg 300w, https:\/\/serviwebsi.com\/seo\/wp-content\/uploads\/2019\/05\/libro-cobrar-rapido-1-768x645.jpg 768w, https:\/\/serviwebsi.com\/seo\/wp-content\/uploads\/2019\/05\/libro-cobrar-rapido-1-555x466.jpg 555w\" sizes=\"auto, (max-width: 786px) 100vw, 786px\" \/><\/p>\n<\/div>\n<\/div><\/div><\/div><\/div><\/div>","protected":false},"excerpt":{"rendered":"<p>PLANES SERVIWEB Todos nuestros planes est\u00e1n realizados con la tecnolog\u00eda Responsive (Dise\u00f1o adaptativo) y optimizados para el posicionamiento en buscadores. TIENDA DE E-COMMERCE TOTAL Tienda de comercio electr\u00f3nico en sitio seguro https con certificado SSL conectado con el sitio seguro de su banco para compras con tarjeta de cr\u00e9dito: \u00a1 doble seguridad ! Productos con &hellip;<\/p>\n","protected":false},"author":1,"featured_media":0,"parent":0,"menu_order":0,"comment_status":"closed","ping_status":"open","template":"","meta":{"ngg_post_thumbnail":0,"footnotes":""},"class_list":["post-6246","page","type-page","status-publish","hentry"],"acf":[],"rttpg_featured_image_url":null,"rttpg_author":{"display_name":"admin","author_link":"https:\/\/serviwebsi.com\/seo\/author\/admin\/"},"rttpg_comment":0,"rttpg_category":null,"rttpg_excerpt":"PLANES SERVIWEB Todos nuestros planes est\u00e1n realizados con la tecnolog\u00eda Responsive (Dise\u00f1o adaptativo) y optimizados para el posicionamiento en buscadores. TIENDA DE E-COMMERCE TOTAL Tienda de comercio electr\u00f3nico en sitio seguro https con certificado SSL conectado con el sitio seguro de su banco para compras con tarjeta de cr\u00e9dito: \u00a1 doble seguridad ! Productos con&hellip;","_links":{"self":[{"href":"https:\/\/serviwebsi.com\/seo\/wp-json\/wp\/v2\/pages\/6246","targetHints":{"allow":["GET"]}}],"collection":[{"href":"https:\/\/serviwebsi.com\/seo\/wp-json\/wp\/v2\/pages"}],"about":[{"href":"https:\/\/serviwebsi.com\/seo\/wp-json\/wp\/v2\/types\/page"}],"author":[{"embeddable":true,"href":"https:\/\/serviwebsi.com\/seo\/wp-json\/wp\/v2\/users\/1"}],"replies":[{"embeddable":true,"href":"https:\/\/serviwebsi.com\/seo\/wp-json\/wp\/v2\/comments?post=6246"}],"version-history":[{"count":17,"href":"https:\/\/serviwebsi.com\/seo\/wp-json\/wp\/v2\/pages\/6246\/revisions"}],"predecessor-version":[{"id":6272,"href":"https:\/\/serviwebsi.com\/seo\/wp-json\/wp\/v2\/pages\/6246\/revisions\/6272"}],"wp:attachment":[{"href":"https:\/\/serviwebsi.com\/seo\/wp-json\/wp\/v2\/media?parent=6246"}],"curies":[{"name":"wp","href":"https:\/\/api.w.org\/{rel}","templated":true}]}}