{"id":6522,"date":"2020-02-17T21:29:55","date_gmt":"2020-02-17T21:29:55","guid":{"rendered":"https:\/\/serviwebsi.com\/seo\/?page_id=6522"},"modified":"2020-02-18T18:29:06","modified_gmt":"2020-02-18T18:29:06","slug":"nos-dernieres-creation-francais","status":"publish","type":"page","link":"https:\/\/serviwebsi.com\/seo\/nos-dernieres-creation-francais\/","title":{"rendered":"NOS DERNI\u00c8RES CR\u00c9ATIONS EN FRAN\u00c7AIS"},"content":{"rendered":"<div id=\"pl-6522\"  class=\"panel-layout\" ><div id=\"pg-6522-0\"  class=\"panel-grid panel-no-style\" ><div id=\"pgc-6522-0-0\"  class=\"panel-grid-cell\" ><div id=\"panel-6522-0-0-0\" class=\"so-panel widget widget_sow-editor panel-first-child panel-last-child\" data-index=\"0\" ><div\n\t\t\t\n\t\t\tclass=\"so-widget-sow-editor so-widget-sow-editor-base\"\n\t\t\t\n\t\t>\n<div class=\"siteorigin-widget-tinymce textwidget\">\n\t<h1 class=\"alternative-heading\">NOS DERNI\u00c8RES CR\u00c9ATIONS EN FRAN\u00c7AIS<\/h1>\n<p>Un site internet r\u00e9alis\u00e9 en fran\u00e7ais et un autre en espagnol avec une section en fran\u00e7ais, toutes deux sur les cl\u00f4tures de jardin.<\/p>\n<p>&nbsp;<\/p>\n<p>La <a title=\"Brande de Bruy\u00e8re\" href=\"https:\/\/haieartificiellegirona.com\" target=\"_blank\" rel=\"noopener\">brande de bruy\u00e8re<\/a> est une <a title=\"Cl\u00f4ture naturelle\" href=\"https:\/\/haieartificiellegirona.com\" target=\"_blank\" rel=\"noopener\">cl\u00f4ture naturelle<\/a> qui permet de prot\u00e9ger le jardin des regards indiscrets de voisins et ainsi prot\u00e9ger l'intimit\u00e9.<\/p>\n<p>&nbsp;<\/p>\n<p>Les pages Web sont: <strong><a href=\"https:\/\/haieartificiellegirona.com\">https:\/haieartificiellegirona.com<\/a><\/strong> et <strong><a href=\"https:\/\/shop.setoartificialemporda.com\">https:\/shop.setoartificialemporda.com\/<\/a>,<\/strong> la boutique en ligne.<\/p>\n<p>&nbsp;<\/p>\n<\/div>\n<\/div><\/div><\/div><\/div><div id=\"pg-6522-1\"  class=\"panel-grid panel-no-style\" ><div id=\"pgc-6522-1-0\"  class=\"panel-grid-cell\" ><div id=\"panel-6522-1-0-0\" class=\"so-panel widget widget_sow-editor panel-first-child panel-last-child\" data-index=\"1\" ><div\n\t\t\t\n\t\t\tclass=\"so-widget-sow-editor so-widget-sow-editor-base\"\n\t\t\t\n\t\t>\n<div class=\"siteorigin-widget-tinymce textwidget\">\n\t<p>&nbsp;<\/p>\n<p><figure id=\"attachment_6518\" aria-describedby=\"caption-attachment-6518\" style=\"width: 739px\" class=\"wp-caption aligncenter\"><img loading=\"lazy\" decoding=\"async\" class=\"wp-image-6518 size-full\" title=\"Haie Artificielle Girona\" src=\"https:\/\/serviwebsi.com\/seo\/wp-content\/uploads\/2020\/02\/Haie-artificielle-girona.jpg\" alt=\"Haie Artificielle Girona\" width=\"739\" height=\"448\" srcset=\"https:\/\/serviwebsi.com\/seo\/wp-content\/uploads\/2020\/02\/Haie-artificielle-girona.jpg 739w, https:\/\/serviwebsi.com\/seo\/wp-content\/uploads\/2020\/02\/Haie-artificielle-girona-300x182.jpg 300w, https:\/\/serviwebsi.com\/seo\/wp-content\/uploads\/2020\/02\/Haie-artificielle-girona-555x336.jpg 555w\" sizes=\"auto, (max-width: 739px) 100vw, 739px\" \/><figcaption id=\"caption-attachment-6518\" class=\"wp-caption-text\">Haie Artificielle Girona<\/figcaption><\/figure><br \/>\n&nbsp;<\/p>\n<figure id=\"attachment_6497\" aria-describedby=\"caption-attachment-6497\" style=\"width: 739px\" class=\"wp-caption aligncenter\"><img loading=\"lazy\" decoding=\"async\" class=\"wp-image-6497 size-full\" title=\"Boutique en ligne Bruc Empord\u00e0\" src=\"https:\/\/serviwebsi.com\/seo\/wp-content\/uploads\/2020\/01\/shop.setoartificialemporda.jpg\" alt=\"Boutique en ligne Bruc Empord\u00e0\" width=\"739\" height=\"450\" srcset=\"https:\/\/serviwebsi.com\/seo\/wp-content\/uploads\/2020\/01\/shop.setoartificialemporda.jpg 739w, https:\/\/serviwebsi.com\/seo\/wp-content\/uploads\/2020\/01\/shop.setoartificialemporda-300x183.jpg 300w, https:\/\/serviwebsi.com\/seo\/wp-content\/uploads\/2020\/01\/shop.setoartificialemporda-555x338.jpg 555w\" sizes=\"auto, (max-width: 739px) 100vw, 739px\" \/><figcaption id=\"caption-attachment-6497\" class=\"wp-caption-text\">Boutique en ligne Bruc Empord\u00e0<\/figcaption><\/figure>\n<p>&nbsp;<\/p>\n<\/div>\n<\/div><\/div><\/div><\/div><\/div>","protected":false},"excerpt":{"rendered":"<p>NOS DERNI\u00c8RES CR\u00c9ATIONS EN FRAN\u00c7AIS Un site internet r\u00e9alis\u00e9 en fran\u00e7ais et un autre en espagnol avec une section en fran\u00e7ais, toutes deux sur les cl\u00f4tures de jardin. &nbsp; La brande de bruy\u00e8re est une cl\u00f4ture naturelle qui permet de prot\u00e9ger le jardin des regards indiscrets de voisins et ainsi prot\u00e9ger l&#8217;intimit\u00e9. &nbsp; Les pages &hellip;<\/p>\n","protected":false},"author":1,"featured_media":0,"parent":0,"menu_order":0,"comment_status":"closed","ping_status":"open","template":"","meta":{"ngg_post_thumbnail":0,"footnotes":""},"class_list":["post-6522","page","type-page","status-publish","hentry"],"acf":[],"rttpg_featured_image_url":null,"rttpg_author":{"display_name":"admin","author_link":"https:\/\/serviwebsi.com\/seo\/author\/admin\/"},"rttpg_comment":0,"rttpg_category":null,"rttpg_excerpt":"NOS DERNI\u00c8RES CR\u00c9ATIONS EN FRAN\u00c7AIS Un site internet r\u00e9alis\u00e9 en fran\u00e7ais et un autre en espagnol avec une section en fran\u00e7ais, toutes deux sur les cl\u00f4tures de jardin. &nbsp; La brande de bruy\u00e8re est une cl\u00f4ture naturelle qui permet de prot\u00e9ger le jardin des regards indiscrets de voisins et ainsi prot\u00e9ger l'intimit\u00e9. &nbsp; Les pages&hellip;","_links":{"self":[{"href":"https:\/\/serviwebsi.com\/seo\/wp-json\/wp\/v2\/pages\/6522","targetHints":{"allow":["GET"]}}],"collection":[{"href":"https:\/\/serviwebsi.com\/seo\/wp-json\/wp\/v2\/pages"}],"about":[{"href":"https:\/\/serviwebsi.com\/seo\/wp-json\/wp\/v2\/types\/page"}],"author":[{"embeddable":true,"href":"https:\/\/serviwebsi.com\/seo\/wp-json\/wp\/v2\/users\/1"}],"replies":[{"embeddable":true,"href":"https:\/\/serviwebsi.com\/seo\/wp-json\/wp\/v2\/comments?post=6522"}],"version-history":[{"count":6,"href":"https:\/\/serviwebsi.com\/seo\/wp-json\/wp\/v2\/pages\/6522\/revisions"}],"predecessor-version":[{"id":6530,"href":"https:\/\/serviwebsi.com\/seo\/wp-json\/wp\/v2\/pages\/6522\/revisions\/6530"}],"wp:attachment":[{"href":"https:\/\/serviwebsi.com\/seo\/wp-json\/wp\/v2\/media?parent=6522"}],"curies":[{"name":"wp","href":"https:\/\/api.w.org\/{rel}","templated":true}]}}